 89/60. Let u(r) be the third derivative of 0*r - 7/120*r**6 - n*r**5 - 1/6*r**3 + 1/12*r**4 + 4*r**2 + 0. Calculate u(1).
-7
Let m(w) = 10*w + 22. Let y(h) = h + 2. Let p(g) = -2*m(g) + 22*y(g). Suppose a + 5 = 1. Calculate p(a).
-8
Suppose -18*t + 20 = -17*t + 3*v, 0 = 4*t + 4*v - 40. Let q(f) = f**3 - 5*f**2 - 3*f + 18. Determine q(t).
3
Let u(a) = -5 + 5*a - 265*a**2 + 4 + 264*a**2. Let q be 4/8 - (-59)/2. Let t be (2/(-4))/((-3)/q). Calculate u(t).
-1
Suppose -2*d = 0, 3*y - 4*d - 10 = -4. Let q(n) be the third derivative of -n**7/2520 - n**5/60 - n**2. Let g(l) be the third derivative of q(l). What is g(y)?
-4
Suppose -5*s + 5 = 0, -2*f - 3*f - 23 = 2*s. Let c(q) be the second derivative of q**5/20 + q**4/2 + q**3 - 2*q**2 + 2*q + 449. Determine c(f).
-9
Let x be 10/(-45) - 47/(-9). Let y(u) = 23*u**3 - 7*u**2 + 2. Let v(w) = -11*w**3 + 3*w**2 - 1. Let a(r) = x*v(r) + 2*y(r). What is a(1)?
-9
Let g(i) = -5 - 34*i + 77*i - 4 - 41*i + 1. Determine g(-4).
-16
Let u(g) = -9*g**3 - 2*g**2 + g. Let l(i) = 5*i - 3. Let w be l(2). Let v = -6 + w. Suppose 3*m + v = -0*h + h, -2*h - 4*m + 2 = 0. Calculate u(h).
-10
Suppose 4*j = -0*j. Let z(c) = -3*c**2 + 1 + j + 2*c**2. Suppose 3*f + 12 = 7*f. What is z(f)?
-8
Suppose -4*i + 382 = -3*i - 4*a, 5*a - 1935 = -5*i. Let w(t) = -386 + t**3 + i + t. Give w(-1).
-2
Let l(a) be the first derivative of -a**3/3 + 19*a**2/2 - 51*a + 741. Give l(16).
-3
Let v(z) = -5*z + 2. Let x(h) = -7*h + 4. Let l(o) = -22*o + 12. Let a(u) = -3*l(u) + 8*x(u). Let p(y) = -2*a(y) - 5*v(y). Give p(3).
13
Let b(k) = -5*k + 1. Let n(m) = m**3 + 9*m**2 + 7*m - 6. Let j be n(-8). Let l(w) = 8*w + 0*w + w - j. Let f(s) = -5*b(s) - 3*l(s). What is f(-3)?
7
Let z(j) = -j**3 - 7*j**2 + 13*j + 11. Suppose -4*c = -2*f + 36, 4*f + 32 = 2*c - 7*c. Calculate z(c).
-29
Let l(i) = 8*i**3 - 2*i**2 + 1. Let y(d) = d**2 - 5. Let h(w) = w**3 + 7*w**2 + 5*w - 4. Let s be h(-6). Let t be y(s). Determine l(t).
-9
Let j(x) = -x - 1. Suppose 8*n = -15 - 17. Let k be (2 - 7)/5 + n. Give j(k).
4
Let l(r) = -2*r - 4. Suppose 44 = 4*y + t - 9, -t + 29 = 2*y. Let x be (-17)/(-3) - y/18. Calculate l(x).
-14
Let u(h) = 2*h**2 - 2*h - 1. Let c(y) = -24*y + 148. Let i be c(6). What is u(i)?
23
Let h(w) be the second derivative of -w**3/3 + w. Let n be ((-18)/72)/((-1)/12). Calculate h(n).
-6
Let w be 2 + 1/(-1) + -14. Let q = -9 - w. Suppose 0*x + 20 = q*x. Let t(o) = -2*o + 3. Determine t(x).
-7
Let i be (0/(-4) + -2)*-1. Let r(m) = -7*m**i - m**3 - 1 + 5 + 0. Let g be r(-7). Let v(b) = -3*b + 6. Give v(g).
-6
Let w be (2/3)/((-10)/(-105)). Suppose -4*s - 9 - w = 0. Let o(b) = -b**2 + b + 1. Let m(p) = -4*p**2 + p + 3. Let l(z) = -m(z) + 3*o(z). Give l(s).
8
Let s(m) be the second derivative of 5*m**3/6 + m**2 - 5*m - 7. Determine s(-9).
-43
Suppose 0*h + 2*h - 5*g + 175 = 0, 4*h = 5*g - 345. Let r = h + 89. Let t(z) = -z**3 + 5*z**2 - 2*z + 6. What is t(r)?
14
Let n be (-39)/9 - 3/27*-3. Let x(v) = v - 4. Let m(j) = -j + 5. Let w(y) = -3*m(y) - 4*x(y). What is w(n)?
5
Let h(o) be the first derivative of -o**4/4 + 2*o**3 + 17*o**2/2 - o + 2. Let i be h(8). Let b(f) = -f + 6. What is b(i)?
-1
Suppose l = 4*l - k - 12, 5*l = -4*k + 3. Let h(s) = 3*s + 4. Let d(t) = -1. Let u(p) = l*d(p) + h(p). Calculate u(-3).
-8
Let k(l) = 3*l**2 - 1. Let n(o) = 1 + 0 - 6 - 5*o - o**2 - 2*o. Let q be n(-6). Calculate k(q).
2
Suppose b + 2 - 6 = 0, -5*d + 5*b = 10. Let k(f) = -f**2 - 4*f - 1. Let l(t) = 3*t**2 + 8*t + 2. Let a = 32 + -27. Let x(y) = a*k(y) + 2*l(y). Determine x(d).
-5
Let b = -615 - -602. Let u(z) = -z - 6. Calculate u(b).
7
Let p(o) = 3*o**3 - 28*o**2 - 31*o - 23. Let i(a) = -4*a**3 + 42*a**2 + 46*a + 34. Let c(m) = 5*i(m) + 7*p(m). Determine c(-13).
9
Let p(s) be the third derivative of s**6/90 + s**5/60 + 5*s**4/8 + 5*s**2. Let k(m) be the second derivative of p(m). Calculate k(-2).
-14
Let o(z) = 2*z**2 + 1. Suppose -q - 1 = 2. Let l(s) = 2*s**2 - s. Let c(x) = q*o(x) + 2*l(x). Let u(r) be the first derivative of c(r). What is u(-2)?
6
Suppose -2*d - 4*a + 2 = 0, -8 = 3*d - a + 10. Let v(y) = -1. Let z(n) = -n**2 + n + 6. Let h(s) = d*v(s) - z(s). Give h(-2).
5
Suppose 4*r + 2*m + 6 = 26, -5*r - 5*m = -20. Let v(x) = 1 + 2 + x**2 - 1 - 8*x. Calculate v(r).
-10
Suppose -17*v + 66 = 16*v. Let w(o) = -6*o + 1. Determine w(v).
-11
Let z(c) = -6*c**2 + 23*c**3 + 23*c**3 + 4 - 5*c - 10 + 2*c - 47*c**3. Give z(-6).
12
Suppose 7*w + 10 - 3 = 0. Let q(f) = 9*f**2 + 2*f + 1. Let v be q(w). Let r(s) = -2*s**2 - 6 - 4*s - 3*s - 5*s**2 + 3*s**3 - 2*s**3. What is r(v)?
2
Let c be 2/4*0/(-2). Let j(w) = -1 - w + 1 + 6 + c*w. Let q(p) = p. Let v be q(3). Calculate j(v).
3
Suppose 3*f = -0*f + 3. Let i(m) = 1 + 2 + 3*m + f - 3*m**2 - 9. Let w(y) = y**2 - y + 2. Let g(s) = -2*i(s) - 5*w(s). Give g(1).
0
Let x be (-24)/(-84)*-7 + 11. Let t(i) be the third derivative of 0*i - 5/24*i**4 + 0 + i**3 - x*i**2 + 1/60*i**5. Determine t(5).
6
Let j(i) = 2*i**2 + 16*i + 24. Let m be j(-6). Let u(l) = -l**3 - l**2 - l + 25. Determine u(m).
25
Suppose p + 0 - 1 = 0. Suppose 2*l = -3*t + 173, -3*l + 67 = 4*t - 3*t. Let g(k) = 0*k - 5*k + t - 56. Calculate g(p).
-6
Let n(k) = 4*k + 3. Suppose -5*p + 4*y = -15 - 11, 2*y + 16 = 4*p. Let z be ((2 - p)/1)/(-2) - 3. What is n(z)?
-9
Let k(l) be the first derivative of l**3/6 + 98*l + 98. Let h(q) be the first derivative of k(q). Let g = 0 + -6. What is h(g)?
-6
Suppose 8*k - 4 - 20 = 0. Let o(u) = 2*u**3 - 3*u**2 - k + u - 4*u + 2*u**2 - 3*u**3. What is o(-2)?
7
Suppose -21 = 7*x - 7. Let p(y) = 7*y**2 + 4*y + 2. Determine p(x).
22
Let b = 55 - 51. Suppose -3*m - b = -3*w - 31, 5*w + 33 = -m. Let g(y) = y**2 + 7*y - 2. What is g(w)?
-2
Suppose -3*u + 2*d + 0 = -8, d + 4 = -4*u. Let o(n) be the second derivative of -n**5/20 - n**3/6 - 13*n**2 + 93*n. Determine o(u).
-26
Let a(m) = m - 11. Let c be ((-329)/28 - -11)/(9/(-96)). Calculate a(c).
-3
Let m(g) be the third derivative of -g**5/120 + 17*g**4/24 - g**3 + 14*g**2. Let r(j) be the first derivative of m(j). What is r(12)?
5
Let p(n) be the second derivative of -n**3/6 + 17*n**2/2 - 10*n + 2. Determine p(8).
9
Let z(c) = -c**2 - 8*c + 5. Let l be (-8)/24*-3*-4. Determine z(l).
21
Let p = 187 + -186. Let x(w) = -13*w + 1. What is x(p)?
-12
Let h(s) = 2*s + 3 - 3 - 4. Suppose 0 = 2*c - 13 + 25. Calculate h(c).
-16
Let u be ((-2)/(-5))/(2/20)*1. Let g be 5 - u - (-5)/(10/(-8)). Let i(f) = f**3 + 4*f**2 + 3*f - 2. What is i(g)?
-2
Let v(u) = u**3 + 3*u**2 - 3*u + 3. Let y(g) = -g + 3. Let s be y(-7). Let r = 14 - s. Suppose -w + 0*w = r. Determine v(w).
-1
Let f(l) be the first derivative of l**3 - l - 18. Suppose 3*m - 4*x + 13 = -4, 4*x = m + 19. Let y be f(m). Let r(b) = b**2 + b + 1. Determine r(y).
7
Let c(p) = 9*p**3 + p**2 - 1. Let d(a) = 2*a**2 - 37*a - 20. Let h be d(19). Calculate c(h).
-9
Let s be 1*(5 - 8)*(0 - 1). Let h(p) = p**3 - 2*p**2 - 3*p + 2. What is h(s)?
2
Let s(i) = -9*i + 26. Let g(m) = -7*m + 24. Let y(q) = -5*g(q) + 4*s(q). Give y(0).
-16
Suppose j - 55 = -7. Suppose -5 = -j*m + 47*m. Let i(x) = x**3 - 4*x**2 - 8*x + 3. Determine i(m).
-12
Suppose -3*w + 22 = -11. Suppose 10 = 5*f - 2*d - w, -3*f - 3*d = 0. Let r(g) = 4*g + 4. Give r(f).
16
Let g be (8/(-6) - (-496)/48)/3. Let i(m) = 42*m + 2*m**2 - 20*m - m**3 - 18*m - 4. What is i(g)?
-1
Let w(m) be the second derivative of -m**5/20 - 5*m**4/12 - m**3 - m**2 + m. Suppose 27*n + 3*j = 23*n - 31, 4*n - 9 = 5*j. Calculate w(n).
6
Let g(c) = c**2 - 6*c - 7. Let m be (1/3)/(2*(-2)/(-144)). Suppose 2*t = 4*t - m. What is g(t)?
-7
Let t(r) be the third derivative of -r**5/60 + r**4/24 + 2*r**3/3 + 5*r**2. Suppose j - 180 = -5*j. Let b be 20/6*(-36)/j. Determine t(b).
-16
Suppose -z - 21 = -4*j, -z = -3*j + 12 + 5. Let a(u) = -14 - u**3 + 13 + 9 - 7 - 6*u**2 - 5*u. Calculate a(z).
1
Let c(a) be the first derivative of -5*a**4/24 - 2*a**3/3 - 39*a**2/2 + 29. Let w(k) be the second derivative of c(k). Determine w(-4).
16
Let h(x) = -4*x - x - x**2 - 8 - x - x. Calculate h(-4).
4
Let l(s) be the second derivative of s**4/12 - 2*s**3/3 + 2*s. Let x be 40/8 - 1*2/1. What is l(x)?
-3
Let f(g) be the first derivative of 62*g**2 - 3 - 6*g - 61*g**2 + 30 - 6*g. What is f(8)?
4
Let b = 4 - -1. Suppose 36 = -2*u + 4*u + b*l, -u 